 -u**2 + 7*u + 3. Let d(o) = o + 31. Let p be d(-25). Give x(p).
9
Let b(n) = -12141*n + 0*n**3 - 2 + 2*n**3 - n**2 + 12139*n. Give b(2).
6
Let d(m) = -2*m**2 - 15*m. Let o be (-318 + 315)*((-10)/(-3) - 1). Calculate d(o).
7
Let z(t) be the third derivative of 0 - 1/120*t**6 + 16*t**2 + 0*t + 1/60*t**5 + 0*t**4 + 5/6*t**3. Calculate z(0).
5
Suppose 30 = 5*f + 5*m, -16*f = -18*f - 4*m + 20. Let j(c) = -28*c + 4. Give j(f).
-52
Suppose -5*l - 4 = -5*s + 6, -55 = 5*l + 4*s. Let c(g) = 4*g**2 - 12*g**2 - 5 - 5*g - 4*g - g**3. Give c(l).
9
Let v(q) = 2*q - 1. Let h(t) = -5*t. Let a(g) = -6*g. Let u(z) = 6*a(z) - 7*h(z). Let c(i) = 9*u(i) + 4*v(i). Give c(-7).
3
Suppose 0*j = 4*j - 16. Let s(c) = c**3 + 13*c**2 + 13*c + 14. Let q be s(-12). Let x(z) = 4*z + z**2 - 14 + 2*z**q - 4*z**2 + 19. Determine x(j).
5
Suppose 4*a + 3 - 11 = 0. Let y be (-9 - -8) + 3*a. Let h(s) = -s**3 + 4*s**2 + 2*s + 7. Calculate h(y).
-8
Let l(b) = -b + 9. Let z be l(8). Suppose 0 = 2*a + 2*a + 3*f - 14, -5*a + f + 8 = 0. Let c(x) = -1 + 0*x**2 + 2*x**3 + 4*x - x**2 - a*x. What is c(z)?
2
Let y(m) = -1249*m**2 + 0*m**3 - 44 + 1249*m**2 - 2*m - 4*m**3 + 42. Determine y(-2).
34
Let l(k) = -47*k**3 + k + 1. Let x be l(-1). Let u = x + -51. Let i(p) = 2*p. Calculate i(u).
-8
Let q(a) be the third derivative of -a**6/120 + a**5/30 + a**4/8 + 2*a**3/3 + 8*a**2. Determine q(3).
4
Let j(i) = -4*i**2 + 1. Let q(x) = -x**2 - 10*x - 10. Let l be q(-8). Let h be 3/2 + l/(-12). Suppose m = -3*w - h, 4*w + 6 = m - 0. Calculate j(w).
-3
Let s(o) = o**2 + 5*o + 2. Let p be s(-3). Let w(g) = 2*g + 12. Let k(c) = -3*c - 15. Let l(v) = -3*k(v) - 4*w(v). Calculate l(p).
-7
Let k(f) = -5*f + 1. Let p(s) = 11*s**2 + 9 - 3*s**3 + 6*s + 0*s + 4*s**3 - 5*s. Let n be p(-11). Give k(n).
11
Let o(c) = -c**3 - c**2 - 4. Suppose -4 = -18*n + 14*n. Suppose -2*p - 3*i = -12, i - n = 3*p + 3. Calculate o(p).
-4
Let j(r) = 3*r + 26. Let q be j(-7). Suppose 4*f - 4 = q*f. Let s(n) = -n**3 - 5*n**2 - 3*n - 1. Calculate s(f).
-5
Let h(i) be the second derivative of 3*i**5/10 + i**3/3 + i**2/2 - 35*i - 2. Determine h(-1).
-7
Suppose 18 = -4*l + 2*l. Let p(r) be the third derivative of -r**4/24 - 3*r**3/2 + 854*r**2. Give p(l).
0
Let f(j) = -j - 5. Let a be f(-10). Let k(h) = -4*h - 7*h - 4*h + 14*h. What is k(a)?
-5
Let k(l) = -l**3 - 8*l**2 - 7*l - 9. Let h be k(-7). Let m(y) = y**2 + 9*y - 4. Determine m(h).
-4
Let k be (-2)/(-2*(-1)/(-3)). Suppose -7 = k*c - 25. Let i(g) = -g**3 + 5*g**2 + 5*g + 3. Give i(c).
-3
Let s = -10 - -13. Let d be (-4)/(-2 + s) + (0 - -3). Let k(r) = -3*r**3 + r**2 - r - 1. Calculate k(d).
4
Let h(v) = v - 3. Suppose -4*m - 4*c - 12 = 0, 4*c - 21 + 24 = -m. Calculate h(m).
-6
Let m(a) = 11*a**2 + 1239 + a**3 - 2477 - 5*a + 1233. Give m(-11).
50
Let g(n) = -12*n - 10. Let b(m) = -3*m - 2. Let l(x) = -3*b(x) + g(x). Determine l(-4).
8
Let k(x) be the second derivative of x**3/3 + x**2 - 15*x. Let f = 3 + -6. Let j be k(f). Let o(s) = -s**2 - 2*s + 4. What is o(j)?
-4
Suppose 3*m = -0*m + 6. Suppose 2*t = 4*g + 32, m*t - 2 = t - 5*g. Let j(l) = -l**2 + 11*l + 10. Let n be j(t). Let s(i) = i**3 + i - 1. Give s(n).
-11
Let t(s) = -2*s + 12. Suppose -3*a = 3*r - 114, -5*r + 0*a + 178 = a. Let i = -26 + r. Calculate t(i).
-6
Suppose -280*z = -282*z - 14. Let g(t) = -7*t + 2. Calculate g(z).
51
Suppose -2*q = -4*r + 3*q + 12, 2*r - 4*q - 6 = 0. Let b(t) = -t**3 + 7*t**2 - 3*t - 3. Calculate b(r).
24
Let q be (-1)/7*(14 - 21). Let k(p) = 8*p + 1. Determine k(q).
9
Let n(b) be the first derivative of 7*b**2 + 3*b - 551. Determine n(-2).
-25
Let g(n) = n**3 - 12*n**2 + 10*n - 2. Suppose -69*m + 74*m - 49 = -3*t, 25 = 3*m + 4*t. What is g(m)?
-13
Let z(f) = -7*f - 9. Let g(h) = 1. Let x(m) = 4*g(m) + z(m). Let k be x(-2). Let n(y) = 1 + 4 + y - k. Determine n(0).
-4
Suppose 7*o = 4*o - 9, -3*u = -o - 9. Let p(a) = 2 - 5*a**u + 6*a**2 - 4*a - 2*a**2 + 3*a**2. What is p(2)?
2
Let d(c) = c**3 - c**2 - 3*c - 1. Let q = -1535 - -1537. Determine d(q).
-3
Let v be 1/(5/18 - 2/(-9)). Let l(g) = 737*g**3 - 9*g - 738*g**3 - 11*g**v + 6 + 4. Calculate l(-10).
0
Let a be -3 - -2*(-10)/4. Let s(c) be the second derivative of c**4/24 + 11*c**3/6 - 17*c**2/2 - c. Let x(n) be the first derivative of s(n). Determine x(a).
3
Suppose 4*k - 29 = 3*m, -5*k + 2 = -m - 26. Let y = 9 + m. Let a(f) = -f**2 + 5*f - 3. Calculate a(y).
-9
Let i(x) = -2*x + 6. Let b(w) = w**3 + 3*w**2 - 7*w - 7. Let r be b(-4). Calculate i(r).
-4
Suppose -59 = -7*t + 18. Let v(z) = z - 12. Determine v(t).
-1
Let g = 16 + -16. Let a(w) = -w**3 + w**2 + w + 4. Calculate a(g).
4
Let t(w) = -3*w + 1. Suppose -4*u - 135 = -9*u. Suppose 26*p - u*p + 1 = 0. Determine t(p).
-2
Let p(c) = -12*c. Let i(t) = 79*t - 1. Let w(d) = i(d) + 6*p(d). Let z be (-2)/(((-2)/(-1))/(-1)). Suppose -2 - z = 3*j. What is w(j)?
-8
Suppose -4*o + 23 - 5 = -h, 3*h = -o + 11. Let v(f) = 0 + f**h + 5*f - 5*f - 2*f + 2. Determine v(3).
5
Suppose 0 = -3*n + w - 4*w - 3, -8 = 2*n + 4*w. Let k(s) = s**n + 2*s**2 - 576 + 577 + s. What is k(-1)?
3
Let d(i) = -i**2 + 3*i + 9. Suppose -5*p = -x - x - 58, -x = -2*p + 24. Let w(q) = 5*q - p*q**2 + 8*q**2 - 3 + 22. Let c(h) = -5*d(h) + 2*w(h). Give c(5).
-7
Let y(o) = -o**2 - 1. Let p be y(3). Let l(a) = a**3 + 15*a**2 + 16*a + 14. Let b be l(-14). Let z = p - b. Let n(w) = -4*w + 4. Determine n(z).
-12
Let k(p) = p**3 + 3*p**2 + 4. Let x be -2 + (-49)/(-7) + -8. Determine k(x).
4
Let l(o) = -4 - 3 + 2. Let s(d) = -16*d - 95. Let p be s(-6). Let z(n) = -n + 1. Let g(j) = p*l(j) + 3*z(j). Determine g(-3).
7
Suppose 2*n + n - 6 = 0. Suppose 24 = 8*d - 24. Suppose n*s + 6 = 3*p, 35 = 5*s - p + d*p. Let c(w) = -3*w - 4. Calculate c(s).
-13
Let k(m) = -m**3 + 9*m**2 + 10*m - 5. Suppose 5*f = -3*g - g + 34, -3*f - 3*g + 18 = 0. Calculate k(f).
-5
Let c(o) = 0 - 417*o + 1 + o**2 + 425*o. Give c(-6).
-11
Let i(o) = 8*o. Let w be 91 - 87 - 5/(10/12). Give i(w).
-16
Suppose -10*o - 2 = -9*o. Let i(r) = -2*r**3 - r**2 - 5*r - 3. Let s(a) = -a**3 - 4*a - 3. Let x(v) = 2*i(v) - 3*s(v). Determine x(o).
-1
Let o(i) = i**3 - 7*i**2 + 4*i - 2. Suppose -5*b - 16*q = -18*q - 30, 3*q + 24 = 4*b. Calculate o(b).
-14
Suppose 4 = 736*p - 740*p. Let m(o) = 18*o**3 + o**2 + 3*o + 2. What is m(p)?
-18
Let y(d) be the third derivative of d**6/120 - d**5/20 - d**4/12 + 230*d**2. Determine y(3).
-6
Let s = 4 - 2. Let k(d) = -2*d + 1 + 9*d**2 - 5*d**s - 3*d**2 - d**3 - 2. Let u be (55/88*-4)/(5/(-4)). What is k(u)?
-9
Let l be (-1)/(7 + 150/(-21)). Let b(z) = -2*z + 10. Give b(l).
-4
Let h(k) = -6*k + 16. Let t(w) = 2*w - 5. Let n(x) = -2*h(x) - 7*t(x). Calculate n(-4).
11
Let c(b) = -9*b + 1. Suppose 0 = -17*r + 15*r. Give c(r).
1
Let k(p) = p**3 + 2*p**2 - 3*p - 3. Let t = -51 - -68. Suppose 2*i = -2*i - 5*u + t, 0 = 4*i - 5*u + 33. Determine k(i).
3
Suppose 0 - 2 = 2*w. Let y be (-30)/(-195) + w/((-13)/(-2)). Let k(j) = j**2 - j + 17. Calculate k(y).
17
Suppose 0 = -4*r + 22 + 18. Suppose 16*w - 11*w - r*w = 0. Let h(o) = o**3 + 8. What is h(w)?
8
Suppose -255*m + 228*m = 0. Let j(c) be the third derivative of 9*c**2 + 0*c - 1/6*c**3 + 1/12*c**4 + m. Determine j(-1).
-3
Let d(x) be the third derivative of x**6/120 + x**4/24 - 14*x**3/3 + 22*x**2. What is d(0)?
-28
Let i(w) = -w + 4. Let p(a) = 2*a + 4. Let l be p(-6). What is i(l)?
12
Let m(y) = 20*y**3 + y**2. Suppose -5*n = 973 - 968. Determine m(n).
-19
Let q(s) = -s**2 + 6*s - 2. Let r = 0 - -15. Let x be 3/(-4 - (-69)/r). Calculate q(x).
3
Let c(o) = o**3 + 8*o**2 + 8*o + 1. Let r = -18 + 18. Suppose -b - 3 + 0 = r. Let u be ((-1)/b)/((-4)/84). Calculate c(u).
-6
Suppose -w = -3*h - 33, -5*w + 22 = -h - 3. Let m be (-5)/((-20)/(-16)) - h. Let i(d) = d**2 - 7*d + 7. Calculate i(m).
1
Let k(j) = j**3 - 8*j**2 + 7. Suppose 2*g = 4*n - 2, 4*n - 5*n = -3*g + 12. Let p be (n/(-3))/((-2)/(-32)*-2). What is k(p)?
7
Let n be (-2)/(4/22) - (1 - 0). Let t(u) = -u**3 - 12*u**2 + u + 13. What is t(n)?
1
Suppose -5*z = 3*a + 3 - 4, 0 = -z - 4. Let k(g) = -2*g + 10. What is k(a)?
-4
Suppose 15 - 41 = 13*z. Let h(g) = 2*g**2 - 3*g - 5. Calculate h(z).
9
Let s(w) = -w**3 - 9*w**2 - 9*w - 11. Let l be ((-92)/(-20) + -7)/((-3)/(-10)). What is s(l)?
-3
Suppose 9 + 81 = -18*j. Let o(k) = 3*k + 12. What is o(j)?
-3
Su